2, 5, 1997, 182653
List the prime factors of 27223561.
19, 281, 5099
What are the prime factors of 499198645?
5, 11, 421, 21559
What are the prime factors of 171943671?
3, 57314557
List the prime factors of 2213263744.
2, 97, 178259
List the prime factors of 5221197957.
3, 53, 32837723
List the prime factors of 526465854.
2, 3, 53, 239, 2309
What are the prime factors of 7514753?
991, 7583
What are the prime factors of 3404174260?
2, 5, 97, 1754729
List the prime factors of 10599901.
13, 569, 1433
List the prime factors of 495682801.
43, 857, 13451
What are the prime factors of 95346256?
2, 19, 313639
What are the prime factors of 579278443?
579278443
What are the prime factors of 829978186?
2, 251, 1653343
What are the prime factors of 90130406?
2, 59, 283, 2699
List the prime factors of 27677488.
2, 1729843
List the prime factors of 14362726.
2, 7, 1025909
List the prime factors of 548339958.
2, 3, 71, 113, 3797
What are the prime factors of 87493181?
87493181
What are the prime factors of 48927720?
2, 3, 5, 281, 1451
List the prime factors of 452508497.
7, 64644071
What are the prime factors of 621551934?
2, 3, 79, 367, 397
List the prime factors of 443735559.
3, 149, 330899
List the prime factors of 124250610.
2, 3, 5, 11, 47, 8011
List the prime factors of 84098208.
2, 3, 876023
List the prime factors of 65483306.
2, 7, 691, 967
What are the prime factors of 200908261?
17, 19, 37, 16811
What are the prime factors of 399693483?
3, 7, 6344341
List the prime factors of 1644427851.
3, 11, 137, 363731
What are the prime factors of 1328505919?
13, 17, 433, 13883
What are the prime factors of 329820905?
5, 19, 127, 27337
List the prime factors of 490566985.
5, 19, 1993, 2591
What are the prime factors of 265416065?
5, 103, 515371
What are the prime factors of 632049227?
263, 2403229
List the prime factors of 2098245317.
7, 42821333
What are the prime factors of 38793170?
2, 5, 13, 298409
List the prime factors of 141704529.
3, 47234843
What are the prime factors of 72801111?
3, 139, 174583
What are the prime factors of 2454481529?
25357, 96797
List the prime factors of 253218098.
2, 7, 18087007
What are the prime factors of 407944706?
2, 13, 19, 139, 457
What are the prime factors of 153037235?
5, 13, 31, 53, 1433
What are the prime factors of 573788761?
7, 13, 251, 25121
What are the prime factors of 558800838?
2, 3, 73, 163, 2609
What are the prime factors of 996925250?
2, 5, 19, 41, 5119
What are the prime factors of 814882602?
2, 3, 19, 409, 17477
What are the prime factors of 61855965?
3, 5, 167, 8231
What are the prime factors of 167277347?
151, 1107797
What are the prime factors of 87143648?
2, 2723239
List the prime factors of 342986313.
3, 114328771
What are the prime factors of 1233212862?
2, 3, 7, 29362211
List the prime factors of 1823876018.
2, 2131, 427939
What are the prime factors of 158278196?
2, 113, 241, 1453
List the prime factors of 301054290.
2, 3, 5, 10035143
List the prime factors of 11401146.
2, 3, 23, 27539
List the prime factors of 1157845081.
25931, 44651
What are the prime factors of 68061212?
2, 17015303
What are the prime factors of 285167343?
3, 67, 193, 7351
List the prime factors of 441458815.
5, 7, 12613109
What are the prime factors of 30273818?
2, 15136909
List the prime factors of 39123111.
3, 13041037
What are the prime factors of 54478645?
5, 13, 838133
What are the prime factors of 2788788800?
2, 5, 7, 17, 97, 151
List the prime factors of 1698973834.
2, 173, 4910329
List the prime factors of 111935569.
111935569
List the prime factors of 288123458.
2, 7, 20580247
List the prime factors of 211913853.
3, 131, 151, 3571
List the prime factors of 545916480.
2, 3, 5, 103, 5521
What are the prime factors of 3952172186?
2, 1976086093
What are the prime factors of 206953773?
3, 13, 29, 41, 4463
List the prime factors of 89270301.
3, 2011, 14797
What are the prime factors of 30205589?
1187, 25447
List the prime factors of 669701276.
2, 167425319
List the prime factors of 131268026.
2, 131, 281, 1783
List the prime factors of 541938846.
2, 3, 137, 647, 1019
What are the prime factors of 185038801?
185038801
What are the prime factors of 1169008921?
173, 6757277
List the prime factors of 4971387649.
109, 4943, 9227
What are the prime factors of 641067186?
2, 3, 3461, 30871
What are the prime factors of 34470212?
2, 7, 29, 42451
List the prime factors of 261818340.
2, 3, 5, 7, 743, 839
List the prime factors of 1945997325.
3, 5, 431, 6689
What are the prime factors of 35025093?
3, 3891677
List the prime factors of 458591860.
2, 5, 173, 132541
What are the prime factors of 78265994?
2, 17, 2301941
List the prime factors of 534160304.
2, 5003, 6673
What are the prime factors of 2611901434?
2, 1305950717
List the prime factors of 378615584.
2, 19, 622723
What are the prime factors of 103882937?
17, 19, 321619
What are the prime factors of 23247179?
31, 749909
What are the prime factors of 46005159?
3, 15335053
List the prime factors of 72688015.
5, 19, 765137
List the prime factors of 62982916.
2, 2719, 5791
What are the prime factors of 48730344?
2, 3, 13, 313, 499
What are the prime factors of 239007079?
47, 281, 18097
What are the prime factors of 75607969?
23, 59, 55717
List the prime factors of 2252817325.
5, 11, 79, 857
What are the prime factors of 705084867?
3, 139, 197, 2861
List the prime factors of 2380310334.
2, 3, 44079821
What are the prime factors of 276158737?
197, 1401821
What are the prime factors of 73896674?
2, 59, 431, 1453
List the prime factors of 52208268.
2, 3, 7, 621527
List the prime factors of 11728476.
2, 3, 53, 683
List the prime factors of 65748388.
2, 16437097
List the prime factors of 3452047403.
7, 70449947
What are the prime factors of 52181791?
79, 660529
List the prime factors of 42390077.
89, 263, 1811
What are the prime factors of 2279384142?
2, 3, 7, 71, 764381
List the prime factors of 36012332.
2, 9003083
What are the prime factors of 19609708?
2, 23, 213149
List the prime factors of 2207124814.
2, 37, 61, 113, 4327
What are the prime factors of 31862148?
2, 3, 17, 313, 499
What are the prime factors of 38269404?
2, 3, 1063039
List the prime factors of 289226454.
2, 3, 11, 29, 137, 1103
What are the prime factors of 9056758?
2, 29, 156151
List the prime factors of 119633147.
119633147
What are the prime factors of 379980391?
7, 83, 654011
What are the prime factors of 56054088?
2, 3, 778529
List the prime factors of 10134635.
5, 7, 17, 17033
List the prime factors of 58361620.
2, 5, 59, 49459
List the prime factors of 206686574.
2, 199, 631, 823
What are the prime factors of 3914763582?
2, 3, 7993, 81629
What are the prime factors of 66661886?
2, 47, 157, 4517
What are the prime factors of 1167122991?
3, 389040997
What are the prime factors of 135875837?
135875837
List the prime factors of 157407991.
13, 67, 127, 1423
List the prime factors of 1725782357.
13, 89, 1491601
What are the prime factors of 70908214?
2, 13, 2727239
List the prime factors of 813598429.
7, 116228347
What are the prime factors of 85712564?
2, 7, 61, 67, 107
What are the prime factors of 264184114?
2, 17, 7770121
What are the prime factors of 5695354999?
31, 183721129
What are the prime factors of 279681526?
2, 1789, 78167
What are the prime factors of 78446185?
5, 283, 55439
List the prime factors of 148211581.
7, 1759, 12037
What are the prime factors of 73521794?
2, 1009, 36433
What are the prime factors of 2309492441?
2309492441
What are the prime factors of 133699060?
2, 5, 11, 607723
List the prime factors of 45937688.
2, 5742211
List the prime factors of 380218096.
2, 23763631
List the prime factors of 588155379.
3, 7, 23, 73, 2383
List the prime factors of 56989608.
2, 3, 13, 182659
What are the prime factors of 1380490173?
3, 153387797
What are the prime factors of 7594537886?
2, 13, 22469047
What are the prime factors of 49119006?
2, 3, 971, 8431
List the prime factors of 406180845.
3, 5, 7, 61403
What are the prime factors of 50185619?
11, 79, 57751
List the prime factors of 5011788631.
19, 31, 447841
What are the prime factors of 2944570350?
2, 3, 5, 19630469
List the prime factors of 553391881.
7, 31, 173, 14741
What are the prime factors of 1609999185?
3, 5, 107333279
List the prime fac